/119 + -1 + 16/14?
2
What are the prime factors of (-1550)/(-20) - 2/(-4)?
2, 3, 13
Suppose 0 = 4*s - 3*c - 214, c - 96 = -4*s + 126. What are the prime factors of s?
5, 11
Suppose 360 = 3*s + 5*s. What are the prime factors of s?
3, 5
Let g be 0 - (0 - 2) - 4. Let c(b) = -2*b**3 - 2*b**2 + 2*b + 2. List the prime factors of c(g).
2, 3
Let x = -77 + 182. What are the prime factors of x?
3, 5, 7
Let j be -4 + (2 - (-2 - -3)). Let o = j + 3. Suppose -n - 5*a + 26 = o, 4*n - 4*a - 38 = -2*a. What are the prime factors of n?
11
Let x(o) = -o**3 + 5*o**2 - 2*o + 2. Let t be x(4). Suppose 4*k + 2*i = 57 - 1, -5*i = -t. What are the prime factors of k?
13
Let t = 1 + -1. Let y = 2 - t. Suppose -4 = -y*c - 0*c. What are the prime factors of c?
2
Let j = 44 + -26. Let n = -11 + j. Suppose 3*u + 8 = n*u. List the prime factors of u.
2
Let x = -108 + 73. Let b = 61 + x. List the prime factors of b.
2, 13
Suppose -3*t + s = -140, -11*t - 200 = -15*t - 2*s. What are the prime factors of t?
2, 3
Let c = -80 - -153. Let s = -50 + c. What are the prime factors of s?
23
Let r = -55 - -100. Suppose -h - 4*h = -r. List the prime factors of h.
3
What are the prime factors of ((-11)/((-88)/1768))/((-2)/(-2))?
13, 17
Let q = 15 + -13. Suppose -5*z + 25 = 4*b + b, -3*z + 25 = -q*b. What are the prime factors of z?
7
List the prime factors of 3 - (1 + -4 + -7).
13
Let u be 10*-2*(-5)/4. Suppose u = 2*q - 15. Let x = q - 6. List the prime factors of x.
2, 7
Suppose 0 = -2*s - 5*y + 2*y + 5, s + 14 = 4*y. What are the prime factors of 3*1 + s + 3?
2
What are the prime factors of 7/(7/36) - -1?
37
Let t(b) = -b + 25. What are the prime factors of t(17)?
2
List the prime factors of 18*(-12)/(-99) + (-2)/11.
2
Suppose 4*o - 18 = -6. What are the prime factors of (27/2)/(o/6)?
3
List the prime factors of (14/3)/((-9)/(-243)).
2, 3, 7
Let k(x) = -x**3 + x**2 + 2*x + 152. What are the prime factors of k(0)?
2, 19
Let l = 18 + -14. List the prime factors of l.
2
Suppose 0 = -4*t + l - 3*l + 18, -15 = -t - 4*l. Suppose -8*n + t*n = -30. What are the prime factors of 4 + -3 + n + -3?
2
Let d(k) be the first derivative of k**2/2 + 2*k + 1. Let t = -30 - -35. List the prime factors of d(t).
7
Suppose -2*t + 6 + 0 = 0. Let z = 4 + t. List the prime factors of z.
7
Let s = 167 + -89. What are the prime factors of s?
2, 3, 13
Let m = -38 + 110. What are the prime factors of m?
2, 3
Let v(p) = 2*p**2 + 79. What are the prime factors of v(0)?
79
Let n(q) = q**2 - q + 2. Suppose g = 3*w - 4, 2*g + 2 = -w - 6. Suppose r - 3 = -w*r. What are the prime factors of n(r)?
2
Suppose 5*l - 3 = 4*x + 4, -4*x = -2*l + 22. List the prime factors of (-2)/x + 434/56.
2
Suppose 3*a - 13 = -2*i, 0 = 2*i + 8. Suppose a = c - 4. Let n = c + -7. What are the prime factors of n?
2
Suppose 0 = -l + 5*y - 7, 0 = 5*l - y + 59. Suppose -28 = 4*p + 3*u - 143, 3*p = 2*u + 65. Let v = p + l. What are the prime factors of v?
13
Suppose 5*f - 145 = 4*k - 459, -4*f = -8. List the prime factors of k.
3
Suppose -2*b + 69 = 5*u, -3*u - 5*b = -18 - 31. Suppose -c + 1 + u = 0. List the prime factors of c.
2, 7
Let z(m) = 2*m**3 + 5*m**2 - 6*m + 10. What are the prime factors of z(4)?
2, 97
Suppose 2*p - 3 - 1 = 0. List the prime factors of 60/4 - (-1 + p).
2, 7
Let o = -24 - -42. Suppose 0 = 3*h - 4*y - o, 10 + 2 = -4*y. List the prime factors of h.
2
Let c(u) = -u + 39. What are the prime factors of c(0)?
3, 13
Suppose 0 = -5*u + 3*g + 134 - 17, 16 = -4*g. Let n = 8 + u. List the prime factors of n.
29
Suppose -l + 0*l = -2*d + 103, 4*d - 209 = 5*l. What are the prime factors of 4/(1 - -3)*d?
3, 17
Suppose -90 - 30 = -2*n. List the prime factors of (1 - 0)/2*n.
2, 3, 5
Let t(u) = u**3 - u**2 - 9*u - 3. What are the prime factors of t(6)?
3, 41
Let b(s) = -1 - 1 + s**2 + 3 - s. Let q(a) = 3*a**2 - a - 1. Let d be q(-1). List the prime factors of b(d).
7
Suppose 3*z - 6*z + 5*c - 1 = 0, -5 = 4*z - 3*c. List the prime factors of 1*-2*23/z.
23
Let t = -2 + 6. Let b be (-62)/(0 + -2) + 1. Suppose -t*f + 5*k = -b, -f + 3*f + 14 = -5*k. What are the prime factors of f?
3
Suppose -5*n = -0*n - 85. Suppose -z - n = -5. Let h = -4 - z. List the prime factors of h.
2
Let n(f) be the first derivative of -f**5/20 + 3*f**4/4 - 7*f**3/6 + 5*f**2/2 + f + 1. Let g(o) be the first derivative of n(o). List the prime factors of g(8).
13
Let h = 114 + 135. Suppose 4*o - h = -97. List the prime factors of o.
2, 19
Let l be -2*(-2 + 2 + -1). Let s(o) = l + o**2 + 6*o - 2*o**2 - o. List the prime factors of s(5).
2
Suppose -3*j = 54 - 138. Let h be (-1)/(-2) - 28/(-8). Suppose -5*y + y + 4*v = -j, -5*y + 26 = h*v. List the prime factors of y.
2, 3
Let k = 109 + -45. What are the prime factors of k?
2
Let j(p) = -p**3 + 3*p**2 + 6*p - 3. Let i be j(4). Let o = i - 3. Suppose -3*t + 3*h + o*h + 27 = 0, h = -3*t + 45. What are the prime factors of t?
2, 7
Let b = 99 + -59. What are the prime factors of b?
2, 5
Let p(f) = f + 9. Let v be p(-12). List the prime factors of 9/v + (-21)/(-1).
2, 3
Let t(m) = -6*m - 6. Let v(h) = 5*h + 5. Let j(k) = -4*t(k) - 5*v(k). What are the prime factors of j(-5)?
2
Let c(x) = 20*x + 1. Let w be c(1). List the prime factors of (w + 0)*(-8)/(-24).
7
Let m(n) be the first derivative of -n**4/4 - 7*n**3/3 + 2*n**2 + 2*n - 9. What are the prime factors of m(-8)?
2, 17
Suppose 0 = -5*q + 2*l + 21, -l + 2 - 8 = -q. Suppose 0 = -4*g + 4*x + 12, g + q*x - 5 = 14. What are the prime factors of g?
7
Suppose p + 5*i - 5 + 20 = 0, 15 = 5*p - 5*i. Let g be (-1)/1 - p/(-1). What are the prime factors of 2/1 - g - -14?
17
What are the prime factors of 2*50/8*2?
5
Suppose -d - 2*i = -175, 2*d - 4*i + 5*i = 347. List the prime factors of d.
173
Let f(z) = -z - 8. Let q be f(-8). Suppose 0 = 2*i - 6 - 12. Suppose q = -w + i - 2. What are the prime factors of w?
7
Suppose 2*r + 3*q = 14, 0*r - 3*q + 24 = 3*r. Suppose p - r = 3. List the prime factors of p.
13
Suppose 0 = -u + 5*u - 48. Let h = u + -7. What are the prime factors of h?
5
Suppose -1466 = -10*q + 134. List the prime factors of q.
2, 5
Let o be -6*((-14)/3 + 1). Let w = o - 13. List the prime factors of w.
3
Let v = -3 - -4. Let s(i) = 3*i - 7 + v + 0. What are the prime factors of s(4)?
2, 3
Let k(w) = 4*w**3 - 2*w**2 + 6*w + 3. What are the prime factors of k(3)?
3, 37
Let d = 2 + 1. Suppose 0 = 4*b + d*y - y - 102, 5*b - 115 = -5*y. What are the prime factors of b?
2, 7
Let u be 1/((-3)/(-90)) - -2. Let g = u - 15. What are the prime factors of g?
17
List the prime factors of 273 + -6*3/(-9).
5, 11
Suppose -4*a - a + 19 = -2*f, -3*f + 3*a = 15. List the prime factors of (-212)/16*f*2.
53
Suppose c + 2 = 0, -6*c + 4*c - 22 = -3*d. Let j = d + 9. What are the prime factors of j?
3, 5
Suppose -2*t + 0*c = -4*c - 14, 3*t + 4*c - 11 = 0. Suppose 0*p - t*p - 90 = 0. List the prime factors of p/(14/(-4) - -2).
2, 3
Suppose -2*z + 9*z = 686. List the prime factors of z.
2, 7
What are the prime factors of 1/(5/127) + (-2)/5?
5
Let q = -6 + 9. Suppose 0 = -2*y + 4*z + 16, -q*y = 2*y + 3*z - 14. What are the prime factors of y?
2
Let h(p) = 6*p + 12. Let f be (-28)/(-6) - 20/30. List the prime factors of h(f).
2, 3
Let b = 1 + 1. Suppose q = 5*n + 1, 5*q + 18 - 92 = b*n. Suppose -6*x + 2*x = 4*i - 64, -4*i = -q. What are the prime factors of x?
2, 3
Let y = 89 - 84. List the prime factors of y.
5
Suppose -n + 100 = 4*n. What are the prime factors of n?
2, 5
Let b be (-5 - 1)*2/(-4). Let g = b + -6. List the prime factors of g/3 + (1 - -4).
2
Let o be (2 + -1)*(1 - 2). Let w = 4 - o. Suppose 1 = -w*c + 41. What are the prime factors of c?
2
Suppose -2*m = 3*m + 2*f - 44, 3*f = 3*m - 18. Suppose 5*o - 93 = -m. List the prime factors of o.
17
Let j = 64 + 19. List the prime factors of j.
83
Suppose t + 1 = 3. Suppose t*w + 0*w = 32. What are the prime factors of w?
2
Suppose -4*u + 10 = -5*m - 5, 0 = -5*u + 3*m + 9. Let p(g) = -2*g - 2. Let x be p(-5). List the prime factors of (1 - u) + 0 + x.
3
Let f(o) be the first derivative of o**3/3 - o**2/2 + 24*o + 2. Let b be f(0). Suppose -5*y + 3*s + s + b = 0, 32 = 3*y + 2*s. What are the prime factors of y?
2
Suppose 4*q = 6*q. Suppose -2*m + 0*m + 64 = q. List the prime factors of m.
2
Let t(z) = z**2 + 7*z - 31. What are the 